
4
Suppose 5801 = 2*v - 2*u + 715, -5121 = -2*v - 5*u. Suppose 5*n = -488 + v. What is the hundreds digit of n?
4
Suppose 3*d = -5*t + 1244, 67*t - d - 985 = 63*t. Suppose -2*g + 131 = -3*q, 3*q - 6*q - 350 = -5*g. Suppose 2*m - g = t. What is the hundreds digit of m?
1
Let a(h) = 3*h**3 + 11*h**2 - 36*h - 70. What is the ten thousands digit of a(29)?
8
Suppose -5*d - 6*x + 30 = -x, 0 = x - 4. Let y be 46 + 3/1 + (d - 6). Let o = y - -86. What is the tens digit of o?
3
Let c = 97 + -95. Suppose c*a + 0 = 12. What is the tens digit of 2/12 + (1253/a - -6)?
1
Let y(s) = s**3 - 24*s**2 - 5*s + 123. Let u be y(24). Suppose -19512 = -21*o + u*o. What is the tens digit of o?
8
Suppose 0*k = 2*k. Suppose k = 2*l - a + 65, a + 5 = 2*a. Let i = l + 109. What is the tens digit of i?
7
Let m be (3 - (-6 + 13) - 2) + 3317. Suppose -3*o + m = -2227. What is the hundreds digit of o?
8
Suppose 8*y - 4*g - 82912 = 6268, -22305 = -2*y - g. What is the ten thousands digit of y?
1
Let l(s) = -1 + 5 - 1 + 13 - s. Let b(j) = -j + 1. Let i(x) = 6*b(x) - 2*l(x). What is the units digit of i(-17)?
2
Suppose 20 = 6*i + 8. Let v(n) = -i - 6*n**2 + 18*n**3 + 3*n**2 + 3*n + 0 - 3. What is the hundreds digit of v(2)?
1
Suppose 5*c - 1052 = 2*d + 2*c, -4*d + 4*c = 2096. Let u = -5647 - -5299. Let m = u - d. What is the units digit of m?
2
Suppose -2*h = -2, 4*h + 3 = 5*v + 2. What is the hundreds digit of (1 + 0)*v*17346/49?
3
Let v = 4705 - 2861. What is the hundreds digit of v?
8
Suppose -2*t = 6 - 16. Suppose 3*q = -t*y + 452, -5*y - 167 = -2*q + 101. What is the hundreds digit of q?
1
Suppose 0 = 41*o - 85*o + 53*o - 4005. What is the hundreds digit of o?
4
Suppose -26 - 16 = 2*i. Let d be (264/(-28))/(1/i). Suppose 0 = -3*n - 0*n + d. What is the units digit of n?
6
Suppose 2*n - 50 = -44. Suppose r + 4*p = 12, 0 = r - n*r + 2*p + 14. Suppose 0 = g - 6*w + r*w - 176, -3*g + 4*w = -568. What is the units digit of g?
4
Let l be (1 - 78)/(-7) + -7. What is the tens digit of (1267*1/l)/(11/44)?
6
Suppose 310*d - 299*d = 55. Suppose -y = -d*p - 367, 2*y + 3*p - 2*p - 679 = 0. What is the hundreds digit of y?
3
Let n = 1060 - 1058. Let u(d) = 2*d**2 + 1. Let r be u(1). Suppose r*g - 2*m - n*m = 18, 4*m = 0. What is the units digit of g?
6
What is the thousands digit of 117*(-2 - (7366/(-30) - 88/110))?
8
Suppose -5*c = -5*n - 9 + 24, c + 4*n = 22. Suppose -4*j - 14 = -3*b + 78, 98 = 3*b + c*j. What is the units digit of b?
2
What is the units digit of 5918/(-807)*(-1 - -2)*-6?
4
Let i be (14/(-21))/((-6)/9). Let v(c) = 264*c**2 + 2*c. What is the units digit of v(i)?
6
Suppose 21563 = k + 4*r, -816*k + 817*k + r = 21584. What is the thousands digit of k?
1
Let o(m) = -3*m**2 - 24*m + 1317. Let k(w) = -4*w**2 - 36*w + 1975. Let y(n) = 5*k(n) - 7*o(n). What is the tens digit of y(0)?
5
Let g = 21 + 575. Let b = g - 283. What is the hundreds digit of b?
3
Suppose 1329*u - 1319*u = 261540. What is the hundreds digit of u?
1
Let b = -26 + 42. Suppose 2*h - 20 = 2*t + b, 4*h = 3*t + 57. What is the units digit of (-4 - t/3) + 60/2?
1
Let v = 150 + -147. Let g = -43 + 48. Suppose 2*q - 233 = -3*h, -v*h = -g*q - h + 554. What is the tens digit of q?
1
Let q = 69 - 84. Let k be 0*((-50)/q - 3). What is the tens digit of (k - 8/3)*8190/(-120)?
8
Suppose 85 - 223 = 6*r. Let y = 8 + r. Let d = 61 - y. What is the tens digit of d?
7
Let j(x) = -135*x**3 - x**2 + 4*x + 4. Let y be j(-2). Suppose 0 = -2*k + y + 486. What is the units digit of (-1 + -2)/((-19)/k)?
3
Let y(j) = j + 22. Let o be y(-17). Suppose -5*g + o*r - 30 = 0, 5*g = -3*r + 32 - 94. What is the hundreds digit of (g - -5) + 1520/5?
2
Let a be -61 + 10/20*(-1 + -1). Let s = 66 + a. Suppose 2*t = s*t - 222. What is the units digit of t?
1
Let a(o) = -138 - 337 - 180*o + 158 + 131*o + 239*o. What is the hundreds digit of a(10)?
5
Let q be 6/8 + 143/44. Suppose 12 = 10*b - q*b. Suppose -3*r - b*g + 255 + 65 = 0, 0 = -2*r - g + 213. What is the units digit of r?
6
Let j be ((-3)/1)/((-5)/(-10)*-1). Suppose -3298 - 908 = -j*z. What is the tens digit of z?
0
Suppose -22697*n - 27135 = -22702*n. What is the hundreds digit of n?
4
Let r(c) = c**3 - 10*c**2 - 19*c - 50. Let l be r(12). Suppose -i - 2*p + 635 = 0, 5*i + l*p = 8*p + 3215. What is the tens digit of i?
4
Let x(n) = -1390*n + 18. Let r be x(3). Let a = -2803 - r. What is the tens digit of a/(-38)*-1*2?
7
Let o = 238 - 234. Suppose -4*x + 479 = o*l - 729, -2*l - 5*x = -601. What is the tens digit of l?
0
Let n(x) = 2*x**2 + 6*x + 2. Let d be n(-5). Suppose 9 = -d*r + 25*r. Suppose r*a - 23 = 2*a. What is the units digit of a?
3
Let r = -85 - -61. Let o be (102/(-4))/(18/r). What is the units digit of 3 + -8 + 4 + o?
3
Suppose 6*k - 12 = 3*k. Suppose -1415 = -13*y + 145. Suppose -2*u + k*c = -48, c - y = -5*u - 2*c. What is the tens digit of u?
2
Let w(a) = a**3 + 36*a**2 - 85*a + 164. What is the tens digit of w(-27)?
2
Let m(j) = j**3 - 12*j**2 + 19*j - 31. Suppose -4*b + 9 = -t, 5*t - 44 = -2*b + 21. What is the units digit of m(t)?
7
Let o = 73 - 315. Let p = o - -603. What is the hundreds digit of p?
3
Let b(n) = -n**3 - 34*n**2 - 7*n + 57. Suppose -38 = m + 4*s, -4*s - 67 = 2*m - 5*s. What is the tens digit of b(m)?
9
Let c(s) = s**2 + 4*s + 17. Let z be c(-3). Suppose 125 = 5*v + 5*p, -3*v + z = 5*p - 53. Suppose v = 3*y - 118. What is the tens digit of y?
4
Suppose 13*z = 2*z - 13*z. Suppose 151*s - 155*s + 1308 = z. What is the units digit of s?
7
Let i = 185 - 181. Suppose -z + 3 = 0, i*a - 1730 = -a - 5*z. What is the hundreds digit of a?
3
Let r = 2041 - -1632. What is the hundreds digit of r?
6
Suppose 40 = 5*s - 5*n, 2*n = 10*s - 5*s - 43. What is the hundreds digit of 13606/s + (-44)/(-198)?
5
Suppose -7553*z = -7550*z - 19575. What is the thousands digit of z?
6
Let t = 8489 - 3579. What is the units digit of t?
0
Suppose -3911 = -3*p - 5*m, 5*m + 180 + 2469 = 2*p. Let x = -12 + 0. What is the units digit of p/x*12/(-8)?
4
Let v(r) = -63*r + 85. Let x be v(4). Let z = x + 555. What is the hundreds digit of z?
3
Suppose -10*s = -17*s + 129577 + 162596. What is the units digit of s?
9
Let s be 21/4 + (-18)/72. What is the units digit of (s + 36/(-4) + 3)*-463?
3
Suppose -22*b + 22 = 44. What is the units digit of b + (-7 + -1 - -917)?
8
Let m(n) = -n - n - 8 + n**2 + 24 - 3*n. Let w be m(6). Suppose 23*v - w*v = 3. What is the units digit of v?
3
Let b(u) = 3*u**3 - 5*u**2 + 7*u - 599. What is the tens digit of b(17)?
1
Let o(s) = 12*s**2 + 54*s - 189. What is the ten thousands digit of o(27)?
1
Let k(m) = 4*m**2 + 15*m + 16. Let r be k(-3). Suppose -r*o - 25*o = -30816. What is the hundreds digit of o?
9
Let m be (9/(18/8))/(-2). Let k be (1 + 0)/(m/20*-2). What is the units digit of (1 + -7)/(k/((-160)/3))?
4
Suppose 0 = 4*a - 4, -3*a - 42 = -4*h - 5*a. Let m be (24/(-21))/(h/(-35)). Suppose -2*v = -m*v + 230. What is the tens digit of v?
1
Suppose 201*g - 114721 - 1410562 = 1549213. What is the hundreds digit of g?
2
Let b be (-10)/35*(-189)/18. Suppose 0 = -b*q - 4*l + 44, 4 = q + 4*l - 16. What is the tens digit of q?
1
Let l = -135 - -141. Suppose -l*b = -5*b - 205. What is the hundreds digit of b?
2
Suppose 5*s + 4*k - 8 + 2 = 0, 2*k = -2. Suppose 4*y - s*z - 2 = 0, 0 = -y + 6*y - 3*z. Let m(h) = 48*h - 6. What is the units digit of m(y)?
8
Let y be (-3 - -337)/((-7)/(105/(-6))). Suppose 109 = -11*q + y. What is the tens digit of q?
6
Suppose 0 = 42*s - 43492 - 143921 + 40875. What is the hundreds digit of s?
4
Suppose 18*d - 324358 = -65968. What is the units digit of d?
5
Let n be 3684/45 - 2/(-15). Suppose n + 390 = 4*h. Let i = h - 38. What is the units digit of i?
0
Let c be (2 - 4) + 7 - 3. Let f be 1 - (5 - 12) - c. What is the units digit of (3475/(-9))/(-5) - f/27?
7
What is the ten thousands digit of (-302)/(-453) - (1 - 84926/6)?
1
Let q(c) = c**2 + 14*c + 5. Let u be q(-14). Let x = u + -6. What is the hundreds digit of -10 - -6 - (-117 - x)?
1
Suppose 7*w = 6*w + 570. Suppose d = -3*j + 597, -5*j = -5*d - 425 - w. What is the hundreds digit of j?
1
Let y(r) = -4*r**2 + 4 + 3 - 2*r + 2. Let w be y(0). Suppose -w = -4*v - 1, 101 = d + 3*v. What is the units digit of d?
5
Let s(i) = 2440*i**2 + 2*i - 2. Let d be s(1). Let q = d - 1382. 